{"id":34398,"date":"2023-10-13T01:39:27","date_gmt":"2023-10-13T01:39:27","guid":{"rendered":"http:\/\/hebrewusedbooks.com\/books\/?post_type=product&#038;p=34398"},"modified":"2024-01-22T15:14:06","modified_gmt":"2024-01-22T15:14:06","slug":"%d7%96%d7%a8%d7%91%d7%91%d7%9c%e2%80%8e-%d7%9c%d7%a2%d7%95%d7%95%d7%99%d7%a0%d7%96%d7%90%d7%94%d7%9f-zerubavel","status":"publish","type":"product","link":"http:\/\/hebrewusedbooks.com\/books\/product\/%d7%96%d7%a8%d7%91%d7%91%d7%9c%e2%80%8e-%d7%9c%d7%a2%d7%95%d7%95%d7%99%d7%a0%d7%96%d7%90%d7%94%d7%9f-zerubavel\/","title":{"rendered":"\u05d6\u05e8\u05d1\u05d1\u05dc\u200e \u05dc\u05e2\u05d5\u05d5\u05d9\u05e0\u05d6\u05d0\u05d4\u05df. Zerubavel"},"content":{"rendered":"<p>FREE Expedited Shipping<br \/>\n1875 First Edition<br \/>\n\u201cSigned:M Wejntraub, Weintraub. Warszawa\u201d<br \/>\nIsaac Baer Levinsohn.\u00a0 Zerubavel<\/p>\n<p>Jewish Polemic<\/p>\n<p>\u05d9\u05e6\u05d7\u05e7 \u05d1\u05e2\u05e8 \u05dc\u05e2\u05d5\u05d5\u05d9\u05e0\u05d6\u05d0\u05d4\u05df<br \/>\n\u05d6\u05e8\u05d1\u05d1\u05dc : \u05e2\u05dc \u05d9\u05d3\u05d5 \u05d9\u05d5\u05e1\u05d3 \u05d4\u05d9\u05db\u05dc \u05d4&#8217; \u05d0\u05e9\u05e8 \u05d4\u05e7\u05d9\u05de\u05d5 \u05d1\u05d9\u05e9\u05e8\u05d0\u05dc \u05d7\u05db\u05de\u05d9 \u05d4\u05e1\u05d5\u05e4\u05e8\u05d9\u05dd \u05d4\u05d0\u05dc\u05d4\u05d9\u05d9\u05dd \u05d5\u05ea\u05dc\u05de\u05d9\u05d3\u05d9\u05d4\u05dd\u200e<br \/>\n1788\u20131860, thinker and teacher; considered by some as the father of the East European Haskalah. Born in Kremenets, Ukraine, where he received a traditional Jewish education, Yits\u1e25ak Ber Levinzon (Isaac Baer Levinsohn; known also as Ribal) married a woman from the town of Radzhivilov in 1807 and lived there until 1812. He learned Russian, German, French, and Latin and served as an official interpreter for the Russian army.<\/p>\n<p>In 1813 Levinzon went to Galicia, first to Brody and then to Lw\u00f3w, Tarnopol, and \u017bo\u0142kiew (mod. Zhovkva, Ukr.). In these places he became acquainted with some of the leading figures of the Haskalah\u2014including Yehudah Leib Mieses, Shelomoh Yehudah Rapoport, Yits\u1e25ak Erter, Mena\u1e25em Mendel Lefin, Na\u1e25man Krochmal, Me\u2019ir Letteris, Ya\u2018akov Shemu\u2019el Bick, Shimshon Bloch, and Berish Blumenfeld\u2014who greatly influenced his worldview.<br \/>\n\u0417\u0435\u0440\u0443\u0431\u0430\u0432\u0435\u043b\u044c. \u041b\u0435\u0432\u0438\u043d\u0437\u043e\u043d. \u0412\u0430\u0440\u0448\u0430\u0432\u0430<\/p>\n","protected":false},"excerpt":{"rendered":"<p>FREE Expedited Shipping<br \/>\n1875 First Edition<br \/>\n\u201cSigned:M Wejntraub, Weintraub. Warszawa\u201d<br \/>\nIsaac Baer Levinsohn.\u00a0 Zerubavel<\/p>\n","protected":false},"featured_media":34417,"comment_status":"closed","ping_status":"closed","template":"","meta":[],"product_brand":[],"product_cat":[1882,1033,1135],"product_tag":[2628,3266,4290,1448,1537,4623,4624],"class_list":{"0":"post-34398","1":"product","2":"type-product","3":"status-publish","4":"has-post-thumbnail","6":"product_cat-academia","7":"product_cat-hebrew","8":"product_cat-jewish-history","9":"product_tag-academia","10":"product_tag-first-edition","11":"product_tag-haskalah","12":"product_tag-hebrew","13":"product_tag-jewish-history","14":"product_tag-zerubavel","15":"product_tag-4624","17":"first","18":"outofstock","19":"virtual","20":"product-type-simple"},"_links":{"self":[{"href":"http:\/\/hebrewusedbooks.com\/books\/wp-json\/wp\/v2\/product\/34398","targetHints":{"allow":["GET"]}}],"collection":[{"href":"http:\/\/hebrewusedbooks.com\/books\/wp-json\/wp\/v2\/product"}],"about":[{"href":"http:\/\/hebrewusedbooks.com\/books\/wp-json\/wp\/v2\/types\/product"}],"replies":[{"embeddable":true,"href":"http:\/\/hebrewusedbooks.com\/books\/wp-json\/wp\/v2\/comments?post=34398"}],"wp:featuredmedia":[{"embeddable":true,"href":"http:\/\/hebrewusedbooks.com\/books\/wp-json\/wp\/v2\/media\/34417"}],"wp:attachment":[{"href":"http:\/\/hebrewusedbooks.com\/books\/wp-json\/wp\/v2\/media?parent=34398"}],"wp:term":[{"taxonomy":"product_brand","embeddable":true,"href":"http:\/\/hebrewusedbooks.com\/books\/wp-json\/wp\/v2\/product_brand?post=34398"},{"taxonomy":"product_cat","embeddable":true,"href":"http:\/\/hebrewusedbooks.com\/books\/wp-json\/wp\/v2\/product_cat?post=34398"},{"taxonomy":"product_tag","embeddable":true,"href":"http:\/\/hebrewusedbooks.com\/books\/wp-json\/wp\/v2\/product_tag?post=34398"}],"curies":[{"name":"wp","href":"https:\/\/api.w.org\/{rel}","templated":true}]}}