{"id":49270,"date":"2026-05-04T20:27:14","date_gmt":"2026-05-04T20:27:14","guid":{"rendered":"https:\/\/hebrewusedbooks.com\/books\/?post_type=product&#038;p=49270"},"modified":"2026-05-04T20:27:14","modified_gmt":"2026-05-04T20:27:14","slug":"hebrew-hungarian-moses-rath-wien-1920","status":"publish","type":"product","link":"http:\/\/hebrewusedbooks.com\/books\/product\/hebrew-hungarian-moses-rath-wien-1920\/","title":{"rendered":"Hebrew &#8211; Hungarian, Moses Rath.  Wien 1920"},"content":{"rendered":"<p>Printed Wien 1920<br \/>\nvery Good Free Shipping and Returns (USA)<br \/>\nHebrew &#8211; Hungarian Textbook, Moses Rath. R\u00c1TH MOZES. Kulcs a h\u00e9ber nyelv tank\u00f6nyv\u00e9hez.<br \/>\nR\u00c1TH MOZES  \u05e9\u05e4\u05ea \u05e2\u05de\u05e0\u05d5<\/p>\n","protected":false},"excerpt":{"rendered":"<p>Printed Wien 1920<br \/>\nvery Good Free Shipping and Returns (USA)<br \/>\nHebrew &#8211; Hungarian Textbook, Moses Rath. R\u00c1TH MOZES. Kulcs a h\u00e9ber nyelv tank\u00f6nyv\u00e9hez.<br \/>\nR\u00c1TH MOZES  \u05e9\u05e4\u05ea \u05e2\u05de\u05e0\u05d5<\/p>\n","protected":false},"featured_media":49287,"comment_status":"open","ping_status":"closed","template":"","meta":[],"product_brand":[],"product_cat":[1882,2245,1731,1033,2000,3649],"product_tag":[2628,2002,3550,1537,2348],"class_list":{"0":"post-49270","1":"product","2":"type-product","3":"status-publish","4":"has-post-thumbnail","6":"product_cat-academia","7":"product_cat-alef-beth","8":"product_cat-grammar","9":"product_cat-hebrew","10":"product_cat-hebrew-language","11":"product_cat-language-academia","12":"product_tag-academia","13":"product_tag-hebrew-language","14":"product_tag-hungarian","15":"product_tag-jewish-history","16":"product_tag-wien","18":"first","19":"instock","20":"shipping-taxable","21":"purchasable","22":"product-type-simple"},"_links":{"self":[{"href":"http:\/\/hebrewusedbooks.com\/books\/wp-json\/wp\/v2\/product\/49270","targetHints":{"allow":["GET"]}}],"collection":[{"href":"http:\/\/hebrewusedbooks.com\/books\/wp-json\/wp\/v2\/product"}],"about":[{"href":"http:\/\/hebrewusedbooks.com\/books\/wp-json\/wp\/v2\/types\/product"}],"replies":[{"embeddable":true,"href":"http:\/\/hebrewusedbooks.com\/books\/wp-json\/wp\/v2\/comments?post=49270"}],"wp:featuredmedia":[{"embeddable":true,"href":"http:\/\/hebrewusedbooks.com\/books\/wp-json\/wp\/v2\/media\/49287"}],"wp:attachment":[{"href":"http:\/\/hebrewusedbooks.com\/books\/wp-json\/wp\/v2\/media?parent=49270"}],"wp:term":[{"taxonomy":"product_brand","embeddable":true,"href":"http:\/\/hebrewusedbooks.com\/books\/wp-json\/wp\/v2\/product_brand?post=49270"},{"taxonomy":"product_cat","embeddable":true,"href":"http:\/\/hebrewusedbooks.com\/books\/wp-json\/wp\/v2\/product_cat?post=49270"},{"taxonomy":"product_tag","embeddable":true,"href":"http:\/\/hebrewusedbooks.com\/books\/wp-json\/wp\/v2\/product_tag?post=49270"}],"curies":[{"name":"wp","href":"https:\/\/api.w.org\/{rel}","templated":true}]}}