{"id":9643,"date":"2022-07-19T18:00:14","date_gmt":"2022-07-19T18:00:14","guid":{"rendered":"http:\/\/hebrewusedbooks.com\/books\/?post_type=product&#038;p=9643"},"modified":"2023-07-30T23:58:37","modified_gmt":"2023-07-30T23:58:37","slug":"fagin-le-juif-oliver-twist-de-will-eisner","status":"publish","type":"product","link":"http:\/\/hebrewusedbooks.com\/books\/product\/fagin-le-juif-oliver-twist-de-will-eisner\/","title":{"rendered":"Fagin le Juif, Oliver Twist de Will Eisner"},"content":{"rendered":"<p>Like New. Free Shipping<br \/>\nFagin le juif \u2013 cartonn\u00e9 \u2013 Will Eisner<br \/>\nDans Oliver Twist, le h\u00e9ros qui donne son titre au livre le plus connu de Charles Dickens est recueilli par un certain Fagin, juif de son \u00e9tat. Ce dernier, pr\u00e9sent\u00e9 par Dickens comme le st\u00e9r\u00e9otype du Juif exploiteur et avare, ne fait que passer dans le roman.<\/p>\n","protected":false},"excerpt":{"rendered":"<p>Like New. Free Shipping Fagin le juif \u2013 cartonn\u00e9 \u2013 Will Eisner Dans Oliver Twist, le h\u00e9ros qui donne son titre au livre le plus connu de Charles Dickens est recueilli par un certain Fagin, juif de son \u00e9tat. Ce dernier, pr\u00e9sent\u00e9 par Dickens comme le st\u00e9r\u00e9otype du Juif exploiteur et avare, ne fait que [&hellip;]<\/p>\n","protected":false},"featured_media":9651,"comment_status":"closed","ping_status":"closed","template":"","meta":[],"product_brand":[],"product_cat":[1807,1886,1046,1762,1135],"product_tag":[2275,1764,2528],"class_list":{"0":"post-9643","1":"product","2":"type-product","3":"status-publish","4":"has-post-thumbnail","6":"product_cat-art","7":"product_cat-british-jewry","8":"product_cat-children","9":"product_cat-french","10":"product_cat-jewish-history","11":"product_tag-children","12":"product_tag-french","13":"product_tag-juif","15":"first","16":"outofstock","17":"virtual","18":"product-type-simple"},"_links":{"self":[{"href":"http:\/\/hebrewusedbooks.com\/books\/wp-json\/wp\/v2\/product\/9643","targetHints":{"allow":["GET"]}}],"collection":[{"href":"http:\/\/hebrewusedbooks.com\/books\/wp-json\/wp\/v2\/product"}],"about":[{"href":"http:\/\/hebrewusedbooks.com\/books\/wp-json\/wp\/v2\/types\/product"}],"replies":[{"embeddable":true,"href":"http:\/\/hebrewusedbooks.com\/books\/wp-json\/wp\/v2\/comments?post=9643"}],"wp:featuredmedia":[{"embeddable":true,"href":"http:\/\/hebrewusedbooks.com\/books\/wp-json\/wp\/v2\/media\/9651"}],"wp:attachment":[{"href":"http:\/\/hebrewusedbooks.com\/books\/wp-json\/wp\/v2\/media?parent=9643"}],"wp:term":[{"taxonomy":"product_brand","embeddable":true,"href":"http:\/\/hebrewusedbooks.com\/books\/wp-json\/wp\/v2\/product_brand?post=9643"},{"taxonomy":"product_cat","embeddable":true,"href":"http:\/\/hebrewusedbooks.com\/books\/wp-json\/wp\/v2\/product_cat?post=9643"},{"taxonomy":"product_tag","embeddable":true,"href":"http:\/\/hebrewusedbooks.com\/books\/wp-json\/wp\/v2\/product_tag?post=9643"}],"curies":[{"name":"wp","href":"https:\/\/api.w.org\/{rel}","templated":true}]}}